g)?
4
Let l be ((-40)/30)/(2/(-9)). Let x be (l/(-18))/(2/(-12)). What is the tens digit of 19 - -1*(x + -1)?
2
Let a(l) = -17*l + 1. Let i be a(-3). Suppose 2*r - 4*s - 36 = 0, 4*s + i = 3*r - 0*r. What is the units digit of r?
6
Suppose -i - 2 + 5 = 0. Suppose -m = -5*s - 18, -m + i*m + 4*s = -34. Let t = m - -12. What is the units digit of t?
5
Let b(v) = -v + 11. Let t be b(-5). Let z = t + -3. What is the units digit of z?
3
Let u be (-7)/(21/(-12)) + 1. Suppose -4 = -f - 3*v, -u*f + v = 3*v - 85. What is the units digit of f?
9
Let u be (-1 - (-1)/1)/(-3). Suppose -5 = -x - u*x. Let g = 10 - x. What is the units digit of g?
5
Suppose m = -b + 4*m + 12, -3*m + 15 = 0. Suppose 18 = 5*n - b. What is the units digit of n?
9
Let v(j) = -4 + 2*j - 3 - 9*j - j**2. What is the units digit of v(-5)?
3
Let m(x) be the first derivative of -2*x**2 - x + 2. Suppose 0 = -4*l + d - 2, 5 = 4*l - 3*l - 3*d. What is the units digit of m(l)?
3
Suppose 4*f - 650 = -f. What is the hundreds digit of f?
1
Let k(w) = -w**2 - 7*w - 3. Let f be k(-6). Suppose 0 = f*h - 4*x - 25, -3*h + x = -2*x - 21. Suppose -h*s = 2*s - 45. What is the units digit of s?
9
Suppose -2*u - 2*u + 96 = 0. Let j be u/14 - (-2)/7. What is the units digit of 6 + 0 - (0 - j)?
8
Suppose -380 - 615 = -5*s - 2*j, 5*j - 578 = -3*s. What is the hundreds digit of s?
2
Suppose 0*t - 4*d - 20 = -t, -3*d = -3*t + 24. What is the units digit of t?
4
Suppose -4*f + 9*f + 90 = 0. What is the units digit of 3*(-3)/(f/4)?
2
Suppose 3 + 12 = 5*k. Suppose -k*x + 3*m = m - 53, -x + 18 = -m. Let p = x + -3. What is the units digit of p?
4
Suppose 0 = 6*y - 21 - 645. What is the units digit of y?
1
Let u = 8 - 3. Suppose -u*q + 19 = -3*a, -3*q - 2*q + 25 = 0. What is the units digit of a?
2
Let n(r) be the third derivative of r**5/60 - r**4/8 + 4*r**3/3 - 2*r**2. What is the tens digit of n(6)?
2
Let q = 8 - 5. Suppose 0 = -2*y + u + 12, 24 = 5*y + q*u - 28. What is the units digit of y?
8
Let u be 3/(((-2)/(-8))/1). Suppose -r = 2*r - u. Suppose o - 40 = -r*o. What is the units digit of o?
8
Suppose -2*t + 24 = x - 12, 0 = 2*x - 8. Suppose -t = 2*q - 38. What is the tens digit of q?
1
Let m(b) = -b**3 + 4*b**2 + 6*b - 2. Let a be m(5). Suppose -a*j - 2 = -5. What is the units digit of j?
1
What is the tens digit of (-6)/14 - (-492)/21?
2
Suppose 0 = -7*o + 478 - 9. What is the tens digit of o?
6
Let m be 130/(-18) - 4/(-18). Suppose -x - 28 = x. Let l = m - x. What is the units digit of l?
7
Suppose -s = 2, -3*t - 2*t - 5*s + 915 = 0. What is the hundreds digit of t?
1
Let b(u) = -u + 10. Let j be b(6). What is the units digit of 6*1*4/j?
6
Let x(t) = -6*t + 2 + 2*t**2 + 6*t. What is the units digit of x(-3)?
0
Let b = 22 + 73. Suppose -5*y = -3*g - b, 33 = y + 2*y + 3*g. What is the units digit of y?
6
Let r be -2*19 + (-3 - 0). Let i = r + 59. What is the tens digit of i?
1
Let b(o) = 2*o**3 - 12*o**2 - 8*o - 3. What is the hundreds digit of b(8)?
1
Suppose 872 = b + 7*b. What is the units digit of b?
9
Let j(i) = i**3 - 6*i**2 - 7*i + 1. Let r be j(7). What is the units digit of (-24)/(-8) - 0/r?
3
Let r(f) = 14*f - 23. What is the units digit of r(9)?
3
Let k be (-9)/6*8/(-3). Let r = k + -3. Suppose -w + 0*w = -r. What is the units digit of w?
1
Let m = 15 + -15. Let o(r) = -r**2 - 5*r + 2. Let i be o(-5). Suppose i*x + 3 - 11 = m. What is the units digit of x?
4
Suppose 5*x = 19 + 31. Let j = 15 - x. What is the units digit of j?
5
Let f(p) = 5*p + 1. Let t be f(-4). Let i = t - -32. What is the tens digit of i?
1
Suppose 2*d - 6 = -d. Suppose f + d = 4. What is the units digit of 1*(-14)/(-1*f)?
7
Let g(d) be the second derivative of -d**4/12 + 2*d**3/3 - 3*d**2/2 + d. Let o be g(3). Suppose o = -2*f - f + 15. What is the units digit of f?
5
Let l(p) = -p**2 + 12*p - 14. What is the units digit of l(9)?
3
Let i = 65 - 28. What is the tens digit of i?
3
Suppose -i = -3*i + 24. Suppose 2*r + 1 + 7 = 0, 0 = 4*x + 5*r - i. What is the units digit of x?
8
Suppose r - 4 = -a, 4*r = -r + 25. Let y(o) = -o**2 + 2. Let u be y(0). Let i = u + a. What is the units digit of i?
1
Let p be 4/2 - (-3)/3. Let s = p + 0. What is the units digit of s?
3
Let j = 99 - -12. What is the units digit of j?
1
Suppose 2*m - 298 + 86 = 0. What is the hundreds digit of m?
1
Let s(r) = r**2 + r + 2. Let m be s(0). Let w = m - -1. Suppose -j = -3*v + 4, 2*j + 1 = w*v - 4. What is the units digit of v?
1
Let h be 1/(-2)*(-196)/2. Let b be (-2)/4 - h/(-2). Let i = -13 + b. What is the tens digit of i?
1
Let s(i) = -4*i**3. Let f be s(-1). Suppose 3*c = -2*g - 2*g + 51, f*g = -4*c + 72. What is the units digit of c?
1
Let h = 11 - -2. Let r = h - 9. What is the units digit of r?
4
Let l(s) = s**2 + 8*s. Let w(o) = 3*o**2 + 16*o - 1. Let r(n) = 5*l(n) - 2*w(n). What is the units digit of r(5)?
7
What is the hundreds digit of ((-1017)/(-36))/(2/8)?
1
Let o(n) = -n**3 + 3*n**2 + 5*n. Let f be o(4). Suppose -f*j - 3*w + 8*w = -31, -j + w + 7 = 0. What is the units digit of j?
4
Suppose -2*n = m, 0 = 4*m + 3*n - 0 - 10. Suppose 0 = m*d - 5*s - 90, -d + 2*d - 3*s - 26 = 0. What is the units digit of d?
0
Let h(w) = 4 + 5 + 3*w**3 - w**2 - 4*w**3. Let y be (-1)/((-6)/3)*0. What is the units digit of h(y)?
9
Suppose -3*t = t - 60. What is the units digit of t?
5
What is the tens digit of 203 + -5 + -1 + (-2)/2?
9
Let c(d) be the third derivative of d**4/12 + d**3/3 + d**2. What is the tens digit of c(4)?
1
Suppose -3*t - 4 = t. Let d be (t - (-2)/2) + 0. Suppose d = -2*g + 12. What is the units digit of g?
6
Let w(v) = v**2 + v + 4. Let p be w(0). Suppose -p*c + 12 = -c. Suppose -32 = -c*o + 3*o + 5*x, -o + 8 = x. What is the units digit of o?
2
Suppose 4*h - y - 32 = 3*y, -5*h - 4*y + 67 = 0. What is the tens digit of h?
1
Suppose -d - d = a - 79, 2*d - 2*a = 88. What is the tens digit of d?
4
What is the tens digit of 20/6*(-468)/(-24)?
6
Let w(b) be the first derivative of -b**2/2 + 14*b - 2. Let y(v) = -v**2 - 10*v - 1. Let o be y(-9). What is the units digit of w(o)?
6
Suppose 22 = 2*y - 4*c, 7*y - 2*y = -2*c + 79. Suppose -6*m + m = -y. What is the units digit of m?
3
Let p = 3 + -6. Let k be (-5)/p*9/3. Suppose -41 = x - k*x + 3*o, 0 = -4*x - o + 45. What is the tens digit of x?
1
Let d(f) = -f**3 + 3*f**2 + 3*f + 1. Suppose 2*s - 2*v = 8, -s - 3*v - 6 = -2*s. What is the tens digit of d(s)?
1
Suppose -4*l = -2*z - 24, 4*l - 2*z - 8 = -4*z. Suppose 0*i = l*i - 60. Let c = i - 7. What is the units digit of c?
8
Let i be (-30)/(-8) - 1/(-4). Let h = i - -3. What is the units digit of h?
7
Suppose -4*w + 251 - 47 = 0. What is the tens digit of w?
5
Let l(i) = -4*i + 4. Let b be l(-3). Let m = b + 23. What is the tens digit of m?
3
Suppose -5*b = 3*u + 4, -b + 5*u + 16 = -0*u. What is the units digit of -6*(-2)/4*b?
3
Let f = -62 + 97. Suppose -2*t + f = -39. What is the units digit of t?
7
Let l(k) = -k**3 - 8*k**2 - 7*k + 14. What is the tens digit of l(-8)?
7
Let m(p) = -2*p + 7. Let k(o) = o - 3. Let h(u) = 7*k(u) + 4*m(u). What is the units digit of h(3)?
4
Let j(h) = -h + 4. Let m be j(2). Let i = -1 - -5. Suppose 0 = m*z + 4*s - 50, -4*s - i = -16. What is the tens digit of z?
1
Let j(i) = 2*i**2 + 3*i - 14. Suppose 2*u = -12 - 0. What is the tens digit of j(u)?
4
Let b = 7 - 1. Let m be (11 - -1) + 0/b. Suppose 2 = -f + m. What is the tens digit of f?
1
Suppose -3*o = 4*n - 42, -5*n - o = -1 - 57. What is the tens digit of n?
1
Suppose 5*k = -2 - 23, -4*z + 3*k = 101. Let q = z + 40. Let s = 9 + q. What is the units digit of s?
0
Suppose -f = -3*f + 2*x + 8, -4*f + x + 13 = 0. Let u = 4 - f. What is the units digit of u?
1
Let z be 70/6 + 1/3. Suppose l - 3*l + z = 0. Let g(f) = f**3 - 6*f**2 - f + 8. What is the units digit of g(l)?
2
Let k(n) = -2*n**3 + n. Let w be ((-2)/6)/((-3)/(-9)). What is the units digit of k(w)?
1
Let k be 0 + 12 - 0/(-2). Let i = 14 + -20. Let y = k + i. What is the units digit of y?
6
Suppose 5*g - 10*q + 5*q + 10 = 0, g - 3*q + 2 = 0. Let m(x) = 3*x**2 - 4*x - 3. What is the tens digit of m(g)?
1
Suppose 3*q + 0*q = 0, -5*u - 3*q + 30 = 0. Suppose -3*o = -3*m + u, 3*o + m + 4 - 14 = 0. What is the units digit of o?
2
Let u = 0 + 5. What is the units digit of u?
5
Let h be -2 - -129 - (-2 + 0).